{"id":2515,"date":"2024-11-14T19:50:29","date_gmt":"2024-11-14T19:50:29","guid":{"rendered":"https:\/\/tutator.net\/projects\/global-detention-project\/"},"modified":"2024-11-15T20:55:13","modified_gmt":"2024-11-15T20:55:13","slug":"global-detention-project","status":"publish","type":"projects","link":"https:\/\/tutator.net\/pt-br\/projects\/global-detention-project\/","title":{"rendered":"Global Detention Project"},"content":{"rendered":"\n<p>O Global Detention Project (GDP &#8211; &#8220;Projeto de Deten\u00e7\u00e3o Global&#8221;) \u00e9 uma organiza\u00e7\u00e3o sem fins lucrativos com sede em Genebra que promove os direitos humanos das pessoas que foram detidas por motivos relacionados \u00e0 sua condi\u00e7\u00e3o de n\u00e3o cidad\u00e3os.<\/p>\n","protected":false},"featured_media":1920,"template":"","class_list":["post-2515","projects","type-projects","status-publish","has-post-thumbnail","hentry"],"_links":{"self":[{"href":"https:\/\/tutator.net\/pt-br\/wp-json\/wp\/v2\/projects\/2515","targetHints":{"allow":["GET"]}}],"collection":[{"href":"https:\/\/tutator.net\/pt-br\/wp-json\/wp\/v2\/projects"}],"about":[{"href":"https:\/\/tutator.net\/pt-br\/wp-json\/wp\/v2\/types\/projects"}],"wp:featuredmedia":[{"embeddable":true,"href":"https:\/\/tutator.net\/pt-br\/wp-json\/wp\/v2\/media\/1920"}],"wp:attachment":[{"href":"https:\/\/tutator.net\/pt-br\/wp-json\/wp\/v2\/media?parent=2515"}],"curies":[{"name":"wp","href":"https:\/\/api.w.org\/{rel}","templated":true}]}}

<p>O Global Detention Project (GDP &#8211; &#8220;Projeto de Detenção Global&#8221;) é uma organização sem fins lucrativos com sede em Genebra que promove os direitos humanos das pessoas que foram detidas por motivos relacionados à sua condição de não cidadãos.</p>
